w = 28 + h. What is the units digit of w?
8
Let z(d) = 19*d - 16. Let f(u) = -57*u + 48. Let c(r) = -6*f(r) - 17*z(r). What is the units digit of c(9)?
5
Let i(m) = 27*m**3 + 2*m**2 + m. Let r be i(-1). Let h = r - -39. Suppose 0 = g - 6 - h. What is the tens digit of g?
1
Let d be (-2)/(1/(2 - 3)). Let q(b) = 42*b + 3. Let g be q(d). Let r = -62 + g. What is the units digit of r?
5
Let n be (-2 + (-1)/(-1))*-1. Let t(a) be the third derivative of a**5/20 + a**3/6 - 39*a**2. What is the units digit of t(n)?
4
Let d = -97 - -104. Suppose 0 = -d*a + 6*a - 4, f - 173 = -2*a. What is the units digit of f?
1
Let m be 2/(-6) + (-2)/(-6). Let y be (-136)/17 + (-58)/(-1). Suppose 3*w - w - y = m. What is the tens digit of w?
2
Let a be 9/(-6) - 3/(-2). Suppose a = -3*r + 163 + 356. What is the units digit of r?
3
Suppose s + 8 = 2*s - i, -s - i = 2. Suppose s*k - 235 = -k - 5*a, 5*k + a = 278. Suppose -4*h = h - k. What is the tens digit of h?
1
Let c(s) = -s**3 - 7*s**2 - 10*s + 7. Let n be c(-8). Suppose 4*a = n + 45. Suppose -2*f + a + 37 = 0. What is the units digit of f?
3
Let g(d) = d**3 + 4*d**2 + d - 2. Let n be g(-2). Suppose -n*p - 160 = -60. What is the units digit of p*1*(-2 + 1)?
5
Suppose 0 = 7*t - 3*t - 16. Suppose 5*u - 717 + 223 = t*i, -2*i + 8 = 0. What is the units digit of u?
2
Suppose 5*y - b = 2225, -4*y - 6*b + 11*b + 1801 = 0. What is the units digit of y?
4
Suppose 4*c - 2*v - 5502 = 0, 0*c - 3*v = c - 1358. What is the thousands digit of c?
1
Suppose -5*v = -3*h - 7180, -v + 5*h + 894 + 520 = 0. What is the hundreds digit of v?
4
Let h be 214 - (-2)/(-3)*6. Suppose 0 = -5*r + 5*p + 267 - 2, 3*p = 4*r - h. Let q = r + -9. What is the units digit of q?
2
Suppose -47*g - 1245 = -s - 50*g, 3*g = 4*s - 5055. What is the thousands digit of s?
1
Let u = -37 - -63. Let w = 29 - u. Suppose 2*m + 100 = 2*q, -q - 2*m = w*q - 230. What is the units digit of q?
5
Suppose -4*c = -248 - 432. Suppose 8*l - c = 398. What is the units digit of l?
1
Let t be -4 + (10/4)/(5/30). Suppose -10*q + t*q = 182. What is the units digit of q?
2
Suppose -359*o + 354*o + 45 = 0. What is the units digit of o?
9
Let n be (-7 + 6)*(-1 - 13). Let s = n + 4. What is the tens digit of s?
1
Suppose 3*b + 29 = 5*l - l, 3*l + 5*b - 29 = 0. Let p = 42 - l. Suppose 2*n - p = 44. What is the units digit of n?
9
Suppose 0*w + 1620 = 2*w - 2*f, -5*w - 5*f + 4030 = 0. What is the tens digit of w?
0
Suppose 2*h + 3*j - 1521 = 0, -21*j + 23*j = 3*h - 2314. What is the hundreds digit of h?
7
Let y(t) = -4*t**3 - 6*t + 4*t - 2*t + 3*t**2 + 21. Let u(g) = -3*g**3 + 2*g**2 - 3*g + 22. Let f(b) = 3*u(b) - 2*y(b). What is the tens digit of f(0)?
2
What is the hundreds digit of (-280)/(-336) + (-1687)/(-6)?
2
Let l be 2 - 5 - (-1 - 302). Suppose -9*c - 39 + l = 0. What is the units digit of c?
9
Suppose 0 = -2*v + 24 + 1334. What is the hundreds digit of v?
6
Suppose 4*n - 1105 = 615. What is the tens digit of n?
3
Let s(b) = b**2 + 19*b + 7. Let j be s(-15). What is the tens digit of 0/2 - (-4 + j)?
5
Let s = 11 - -173. Suppose 4*z - 5*l = 218 + 150, 0 = -2*z - 4*l + s. Suppose -3*o = o - z. What is the units digit of o?
3
Suppose -4*g + 910 = -82. What is the hundreds digit of g?
2
Let g(o) = o**2 - 4*o + 1. Let n be g(4). Let b be 4 + n + (-2 - 0). What is the units digit of (-8)/(3 - b - 1)?
8
Let x be 158/22 - (-5)/(110/(-4)). Suppose -x*r + 227 + 4 = 0. What is the units digit of r?
3
Let l be (-7108)/(-24) - (1/6 + 0). Suppose -5*y = -l - 214. What is the tens digit of y?
0
Let v be (-268)/(-16) - 3/4. Suppose 5*r - 2*y = y + v, -5*r = 5*y - 40. Suppose 0 = -3*f - c + 17, -r*c + 9 = 3*f - 28. What is the units digit of f?
4
Suppose -2*b + j = -4*b + 3, 6 = 5*b + 2*j. Suppose 0 = -b*r - 5*r + 775. What is the hundreds digit of r?
1
Suppose 28*x - 30*x = -2*d + 1128, x + 1698 = 3*d. What is the hundreds digit of d?
5
Let o be 30/(-9)*(-24)/20. Suppose 10 = o*l - 10. Suppose l*u = -5*k + 55, 5*u = 3*k - 0*u - 9. What is the units digit of k?
8
Suppose -22744 = -16*u + 1336. What is the hundreds digit of u?
5
Let o = 569 + 892. What is the hundreds digit of o?
4
Let a(c) = -68*c**3 - 11*c**2 - 26*c + 2. What is the units digit of a(-2)?
4
Suppose -109 = -k - k - 5*s, -k = 2*s - 56. Let a = k + 13. What is the units digit of a?
5
Let x be ((-2)/(-4))/((-4)/(-8)). Suppose -2*u + 8 = m, m + x + 3 = u. Suppose 26 = 5*y - u*y. What is the units digit of y?
6
Suppose -2*d + 5*l + 169 = 0, 0 = -3*d - 2*d - 2*l + 350. Suppose 10*m = 4*m + d. What is the tens digit of m?
1
Let u = 546 - 387. What is the tens digit of u?
5
Suppose -6*g = 244 - 778. Suppose 0 = -3*s + 58 + g. What is the units digit of s?
9
Suppose 0 = -3*i + 4*c + 31, c - 1 = 4*i - 38. Let m = i - 119. Let y = 176 + m. What is the units digit of y?
6
Let n(p) = 7*p - 23. Let b(g) = 5*g - 21. Let d(k) = -4*b(k) + 3*n(k). Let h(l) = 2*l**2 - 4*l - 3. Let r be h(4). What is the units digit of d(r)?
8
Let a(s) = s**3 + 2*s**2 - 1. Let x(c) = -c**2 + 3*c - 1. Let p be x(2). Let o be a(p). Suppose -o*k + 6 = -k. What is the units digit of k?
6
Suppose -17 = -4*s - 77. Let y be 10/75 + (-208)/s. Suppose 0 = 3*v + 4*v - y. What is the units digit of v?
2
What is the units digit of ((-155)/(-186))/(2/8)*174?
0
Let f = 2997 + -2050. What is the hundreds digit of f?
9
What is the tens digit of 76/10*(-1690)/(-13)?
8
Let f be 54/(-45)*(-10)/4. Suppose 5*s + 1039 = 5*m + f*s, 2*m - 408 = -3*s. What is the hundreds digit of m?
2
Suppose 10*b - 8675 - 6575 = 0. What is the hundreds digit of b?
5
Let p(z) = 31*z**2 - 82*z - 19. What is the hundreds digit of p(9)?
7
Let a(z) = 2*z - 2. Suppose -20 = 3*o - 8*o. Let k be a(o). What is the units digit of (-4)/k - (-88)/24?
3
Let g = 144 - 68. Let j = -16 + g. Suppose -j = -2*b - 2*b - 3*z, 5*b + 5*z = 75. What is the units digit of b?
5
Let d(f) = f**2 - 13*f - 16. Let l be d(15). Let w = -11 + l. Suppose -o - 3*o = w*k - 19, 4*k = 4*o + 16. What is the units digit of k?
5
Let k(c) be the second derivative of c**6/720 + c**5/5 + c**4/4 + 7*c. Let m(d) be the third derivative of k(d). What is the tens digit of m(0)?
2
Suppose 0 = -8*j + 341 + 2395. Suppose -4*n = -2*x - 560, -4*n - 5*x + j + 204 = 0. What is the tens digit of n?
3
Suppose 0 = 2*j + 2, 6*x - 9 = 2*x - 3*j. Suppose 0 = 4*d - 6 - 6. Suppose 0 = -x*u + d*n - 43 + 139, 68 = 2*u - n. What is the tens digit of u?
3
Let v(n) = 54*n**3 + n**2 - 3*n + 1. Let k be v(1). Let z = 73 - k. What is the units digit of z?
0
What is the hundreds digit of (((-14)/8)/7)/((-1)/1996)?
4
Suppose 0 = -88*v + 114*v - 25012. What is the units digit of v?
2
What is the units digit of (-7680)/(-9)*18/12?
0
Suppose -4*m = -41 + 29. Let n(y) = -11*y + 6. Let w be n(-5). Suppose -5*d = -5*p - 110, -w = -m*d - d - 5*p. What is the tens digit of d?
1
Suppose 0 = -3*f + 16 - 1. Let c(b) = 8*b**2 - 12*b + 5. What is the units digit of c(f)?
5
Let l(o) = 4*o**2 - 21*o + 248. What is the hundreds digit of l(21)?
5
Suppose -2*r + m = -5*r + 6431, -10720 = -5*r - 2*m. What is the thousands digit of r?
2
Let m(w) = 3*w + 2. Let f be m(6). Let i = 35 - f. What is the tens digit of i?
1
Let b = -169 - -239. What is the units digit of b?
0
Let c(k) = -6*k - 3. Let r = -13 - -11. What is the units digit of c(r)?
9
Let m be 133*(1/1)/(2/2). Suppose 280 = 7*x - m. What is the tens digit of x?
5
Let w = -36 - -9. Let u = w + 118. What is the tens digit of u?
9
Let r(g) = 191*g - 350. What is the hundreds digit of r(17)?
8
Let d(n) = -13*n**3 + 23*n**3 - 9*n**2 + n - 9*n**3. Let t be (-2 - (-10)/4)*18. What is the units digit of d(t)?
9
Let r(j) = 9*j - j**2 + j**2 - j**2 - 7. Suppose -4*t + 3*z = -9*t + 27, z + 1 = 0. What is the units digit of r(t)?
1
Let y(d) = -28*d - 21. Let w be y(6). Let v = w + 316. What is the hundreds digit of v?
1
Let j be (-1*(-6 - -2))/2. Suppose 4*m + f = 13, -f + 4*f - 19 = -j*m. Let x(d) = 5*d**2. What is the units digit of x(m)?
0
Let d = -14 - -16. Suppose d*b - 7*b + 100 = 0. What is the units digit of b?
0
Suppose -24480 = 24*v - 39*v. What is the thousands digit of v?
1
Suppose 3*n - 165 = 3*u, -u + 0*n = 4*n + 65. Let l = u - -29. What is the units digit of (-12)/l - (-214)/7?
1
Let n(s) = -3. Let m(t) = 2. Let g(r) = 5*m(r) + 